 2*v + 4. Let f be o(-4). Let t be (-1)/f + (-30)/(-40). List the prime factors of y(t).
79
Let m = 9 - -35. Suppose 14*x - m - 936 = 0. List the prime factors of x.
2, 5, 7
Suppose 4*f - 2*f + 28 = 4*l, -f + 10 = l. Suppose l*q = 249 + 919. List the prime factors of q.
2, 73
Let q(d) = 2*d**2 + 3*d - 9. Let v be q(-6). List the prime factors of (5 + -1)/(9/v).
2, 5
Suppose -20*j + 153 = -167. Let v be -1 + -1 + -3 + -1. List the prime factors of (15/(-10))/(v/j).
2
Let r(w) = -w**3 + 24*w**2 - 16*w + 18. Let g(i) = 2*i + 11. Let x be g(13). Suppose 0 = -5*b - k + 111, 3*k - 20 - x = -3*b. List the prime factors of r(b).
179
Let r be (0/2)/(24 + -21). Suppose r = -6*i - 26*i + 4608. List the prime factors of i.
2, 3
List the prime factors of 47618 - ((-621)/27 - -34).
3, 7, 2267
Let k = 4285 - 2591. Suppose 8*r - k = 1298. What are the prime factors of r?
2, 11, 17
Let h(r) be the first derivative of r**2/2 + 7*r - 29. What are the prime factors of h(-3)?
2
Let p = 1781 + -644. Suppose -3*t = -0*t - a - 3419, -t - a + p = 0. List the prime factors of t.
17, 67
Suppose 6*i + 59 = 359. What are the prime factors of i/((-3)/((-9)/6))?
5
Let a(r) = r**2 - 13*r - 219. Let v be a(23). Suppose 0 = -v*u + 10*u + 5*k + 1096, 4*u - 4338 = -3*k. What are the prime factors of u?
2, 3, 181
Suppose 63 = d + 64. List the prime factors of 468 - (3 - d - -1).
463
Let p = -29 + 59. Suppose -5*n = -6*n + p. Suppose -6 = 3*q - n. List the prime factors of q.
2
Let g = 114192 + -77681. List the prime factors of g.
29, 1259
Suppose -178*n + 1300392 = -106*n. List the prime factors of n.
18061
Let u be -48*(4 + (-156)/16). Let l = 440 + u. What are the prime factors of l?
2, 179
Suppose -865 = -199*p + 194*p. Suppose 0 = -171*u + p*u - 3634. List the prime factors of u.
23, 79
Let p = 10 + -5. Suppose 2*y + d = 5, -5*y = -y + d - p. List the prime factors of 10 + y + 4 + (-5 - -3).
2, 3
Suppose -5*g = -25*g + 80. Let u be ((-16)/(-10))/((-10)/(-2125)). Suppose g*n = -s + 48, -2*s + u = 3*s - 5*n. List the prime factors of s.
2
Suppose 0 = p - 4714 + 1483 - 3724. List the prime factors of p.
5, 13, 107
Suppose -4*g = 5*c - 15, -5*g + 2*c = -g - 22. Suppose 0 = -g*o + 1508 + 252. List the prime factors of o.
2, 11
Suppose -21*n + 20327 - 5312 = 0. Suppose -4*s + n = 2*a + s, -5 = -s. List the prime factors of a.
3, 5, 23
Let h(y) be the third derivative of -y**4/24 - y**3 + 2*y**2. Let d = 884 - 896. List the prime factors of h(d).
2, 3
Suppose 2*r - 79508 = -3*k, 217*k - 218*k = -r + 39734. List the prime factors of r.
2, 31, 641
Suppose -3*x + 18 = 3*g, 0 = -4*x + g - 2*g + 15. Suppose x*s - 2*s = -s. Suppose 4*c - 5*c = -5, -2*v + c + 1 = s. What are the prime factors of v?
3
Let w(j) = 721*j**3 + 10*j**2 - 9*j - 26. What are the prime factors of w(3)?
2, 23, 53
Let j(x) = x**2 + 4*x + 6. Let t be 1/(-2)*(-2 - -10) - -1. Let h be j(t). Suppose 3*g - h*s = 120, -2*g - 4*s = 3*g - 182. What are the prime factors of g?
2, 19
Let s be (6/(-5))/(3/15*-3). Suppose -5*h + 3755 = 3*o, 2*h = -s*o + 482 + 1016. What are the prime factors of h?
2, 13, 29
Let s(i) = -4*i**3 - i**2 - 2*i + 11. Let m be s(3). Let x = -128 - m. Let w(o) = 2*o**2 + 14*o - 27. List the prime factors of w(x).
3, 29
Suppose -26 = 4*d - 3*b + 338, 0 = -d - 3*b - 106. Let i = 97 + d. Suppose -2*q = -i*p + 685, 2*q = -p + 131 + 108. What are the prime factors of p?
3, 7, 11
Let j(w) = 21*w + 6. Let i(p) = 13*p**2 + 16*p + 0*p**3 - p - 9 - p**3. Let m be i(14). List the prime factors of j(m).
3, 37
Suppose 24 = y - 4*d, -21 = -4*y - 2*d + 3*d. Suppose -y*c + 10*c = 3144. What are the prime factors of c?
2, 131
Suppose 0 = -12*o + 7617 + 10755. Suppose -5*n + p + 5356 = -2335, -o = -n + 2*p. What are the prime factors of n?
3, 19
Let t(d) = d**2 - 224*d + 20481. What are the prime factors of t(0)?
3, 6827
Suppose 6 = 6*h - 6. Suppose -h*y + 2*q = -638, y + 2*q - 133 = 201. What are the prime factors of y?
2, 3
Let n(z) be the second derivative of -3*z**3/2 + 209*z**2/2 - 208*z. List the prime factors of n(19).
2, 19
Let j = 6955 - 5060. List the prime factors of j.
5, 379
Let b = -27 - -27. Suppose -88 = -o - b*o. Suppose 4*n - 3*n = o. What are the prime factors of n?
2, 11
Suppose 0 = -5*r - 5*m + 8685, -4*r + 9*r - 3*m - 8709 = 0. What are the prime factors of r/35 + 23/7 + -3?
2, 5
What are the prime factors of (-8)/(88/(-156871)) - 12?
14249
Suppose -4*m = -s + 422 + 309, -2*s - 4*m = -1486. Suppose 4*o + 5*l - s = 0, -o + 3*l + 181 = 8*l. Let u = -74 + o. What are the prime factors of u?
2, 7
Let m(t) = -t + 10. Suppose 6*r = 42 - 12. Let j be m(r). Suppose -4*c + 109 = z, 209 = -z + 3*z + j*c. List the prime factors of z.
97
List the prime factors of (-3)/((-30)/6104) - (35/25 - 2).
13, 47
List the prime factors of (7/3)/(420/2518740).
7, 1999
Let t be (2/3 + (-28)/33)*-11. Let i(g) = 139*g**3 + 6*g**2 + 3. List the prime factors of i(t).
17, 67
Let c = 2250 - 966. Let l = 2318 - c. List the prime factors of l.
2, 11, 47
Let r be 4/(-6) + (-26)/(-3). Let f be 2*(-3 - (4 - r)). Suppose l - 3*p + 1 = 46, f*l - p = 65. List the prime factors of l.
2, 3, 5
Suppose -21502 = -4*g - 1502. List the prime factors of g.
2, 5
Suppose 0 = -1084*f + 1088*f + 1364. Let w = f - -1065. What are the prime factors of w?
2, 181
Let o = 9655 - -8752. What are the prime factors of o?
79, 233
Suppose 0 = 3*k + 2*l, -2*l = 3*l. Suppose k*m = 2*m + y - 117, 0 = -3*m - 5*y + 193. Suppose c + m = 8*c. List the prime factors of c.
2
List the prime factors of (-107324)/(-16) - ((-10)/2)/(51 - 47).
6709
Let g(c) = c**2 - 14*c + 36. Let x be g(3). Suppose 9*n = -3*b + 8*n + 1999, 3355 = 5*b - x*n. List the prime factors of b.
2, 167
Suppose -56*v - 379730 = -171*v. What are the prime factors of v?
2, 13, 127
Let c be (18/9)/((-4)/(-6)). Suppose 495 = a + 2*m + c*m, 3*a - 1495 = -5*m. What are the prime factors of a?
2, 5
Suppose -5*m = -11*m + 7*m. Suppose -7*u + 5879 - 1175 = m. What are the prime factors of u?
2, 3, 7
Suppose p = -w - 4*w + 39, -3*w + p + 25 = 0. Suppose -u - 4*f + 553 = 0, -5*u - 4*f + w*f = -2717. List the prime factors of u.
5, 109
Suppose 3*m + 13 + 60 = 4*a, -2*a = 3*m - 41. Let s(d) = d**3 - 14*d**2 - 62*d - 17. List the prime factors of s(a).
2, 5, 61
Suppose -64 = -7*w - w. Suppose 6*m = w*m - 230. Suppose -t - m = -6*t. List the prime factors of t.
23
Suppose -4*h - h + 3*h = 0. Suppose h = -21*z + 24*z - 6. Suppose z*t + 5*i - 485 = -3*t, -1 = i. What are the prime factors of t?
2, 7
Suppose 0 = -3*w - 2*j + 12677, 2*j + 16884 = 4*w - 0*w. Suppose w = 3*v - 2*a, -4*a + 5 = -3. List the prime factors of v.
1409
Let n(i) = i**2 + 17*i - 198. Let g(t) = t**3 - 13*t**2 + 20*t + 37. Let x be g(11). What are the prime factors of n(x)?
2, 3, 47
Let y(w) be the first derivative of -w**4/4 - 10*w**3/3 - 2*w**2 - 23*w - 7. List the prime factors of y(-10).
17
Suppose h - 4 = 1. Suppose 0 = -2*g - 3*y + 402, g - 58 - 136 = -h*y. What are the prime factors of g?
2, 3, 17
Let t = 91 - 94. Let b(c) = 46*c**2 - 5*c + 9. List the prime factors of b(t).
2, 3, 73
Let s be (-2200)/(-50) - (-1 + 5 + 0). Let b(v) = -v**3 + 10*v**2 + 11*v + 5. Let l be b(11). Let y = s - l. List the prime factors of y.
5, 7
Let g(l) be the third derivative of -l**6/60 - 41*l**5/60 + 11*l**4/12 + 49*l**3/6 + 206*l**2. List the prime factors of g(-22).
3, 113
Let d = -22 - -24. Suppose 3*m - d*g - 23 = 2, 5*g + 45 = 5*m. Let z(r) = r**3 - 5*r**2 - 6*r + 3. List the prime factors of z(m).
59
Suppose 23*a - 16*a = 28*a - 340767. What are the prime factors of a?
3, 601
Suppose 83 - 83 = i. Suppose -5*k + i*c - c - 9 = 0, -18 = -2*k + 5*c. What are the prime factors of ((-30)/18)/((k/33)/1)?
5, 11
Let o(a) = -12*a - 7. Let v = 24 - 22. Suppose -3*n + 4*b - v = 0, -n - 4*b - 5 = -b. What are the prime factors of o(n)?
17
Suppose 3 - 13 = 5*k. List the prime factors of ((-36)/(k - -4))/(4/(-50)).
3, 5
Suppose -3*w - 64 = -8*w + g, -3*g - 12 = 0. Suppose 0 = -3*c - 0 + w. Suppose 92 = 2*l + c*t, -4*t - 128 = -7*l + 4*l. What are the prime factors of l?
2, 11
Let g(t) = -177*t - 169. List the prime factors of g(-19).
2, 1597
Let b be 1/(-3 + (33/36 - -2)). Let y = b + 15. List the prime factors of y.
3
Suppose 89389 - 439673 = -43*i + 139185.